
Let d(l) be the first derivative of -l**2/2 - 7*l + 16. Determine d(-8).
1
Let s(y) = y + 2*y - 2*y. Suppose 5*r + q + 15 = -4*q, 8 = -4*q. What is s(r)?
-1
Let l(d) = 1 + 6*d + d**2 - 5*d + 5 + 6*d. Calculate l(-4).
-6
Let a(l) = -4*l + 1. Let t(m) = -m**2 - m + 1. Let h = -12 + 5. Let c be 2/h - 18/(-14). Let j be t(c). What is a(j)?
5
Let h = 2 - 1. Let y(s) = -s. Let n(g) = 4*g**2 - g + 1. Let b(x) = -n(x) + y(x). Calculate b(h).
-5
Let h(a) = a**2 + 8*a + 0*a**2 - 3*a**2 - 3 + a**2. Let i = -44 + 49. Give h(i).
12
Let k(p) = -p + 9. Suppose 2*x - 4*x + 16 = 0. Determine k(x).
1
Let y be ((-9)/(-6))/((-1)/6). Let j = y - -10. Let o(d) = 2*d + 1. What is o(j)?
3
Let s(d) = -d**3 - 7*d**2 - 6*d - 8. Let z be (-2)/((-2)/(-2)) - 4. What is s(z)?
-8
Let v(u) = 0 + 0 + u. Suppose 0 = -4*m + 10 + 6. Suppose d - m*d = 0. Determine v(d).
0
Let o(v) = -v + 4. Let t be (-20)/(-50) - 153/(-5). Suppose r + 5*g - t = -2, g = -2*r + 13. Suppose 11 = -5*n - r. Give o(n).
7
Let i(v) be the third derivative of -7*v**6/120 + v**5/60 - v**4/24 + v**3/6 + 15*v**2. Calculate i(1).
-6
Let f be 8/36 - (-16)/9. Let b be 3 - f/(0 - -2). Let d(z) = -4*z - b*z - z. Determine d(-1).
7
Let d(r) = -5*r**3 + 2*r**2 + 3*r - 10. Let c(q) = 14*q**3 - 5*q**2 - 9*q + 29. Let j(i) = 6*c(i) + 17*d(i). Determine j(3).
4
Suppose 4*n - 2 = -2*l - 4, 4*l = -20. Let y(q) = -q**n + 3*q - 5 + 1 + 4*q - 2*q. Give y(4).
0
Let a(j) be the second derivative of -j**4/12 - 2*j**3/3 + 10*j - 2. Calculate a(-5).
-5
Let f(q) = q**3 + 0*q**3 + 0*q**3. Suppose 2*d = 7*d - 25. Suppose d*w + 4 = w. What is f(w)?
-1
Suppose 5*b = -4*z - 0*z + 5, -4*b = -3*z + 27. Let p(i) = -4*i. Give p(z).
-20
Let h(v) = -4*v - 2. Let l(j) = -j - 1. Let a(z) = h(z) - 3*l(z). Determine a(4).
-3
Let k(o) = -4 + 0 - 36*o + 32*o. Calculate k(-3).
8
Suppose 3*i + 7*c = 8*c + 21, -3*c = 0. Let y(j) = -j**2 + 5*j + 6. Calculate y(i).
-8
Suppose 2*b + 2*r = 4*r + 4, 2*r = -4. Suppose b = -h + 2 - 0. Let v(i) = -3*i + 2. Determine v(h).
-4
Suppose -w - 18 = 2*w - 2*t, 2*t + 30 = -5*w. Let d(y) = -y + 1. Determine d(w).
7
Let g(w) = 1. Let t(j) = -2*j - 6. Let a(x) = 6*g(x) + t(x). Calculate a(-3).
6
Let y(d) = -d**3 - 2*d**2 - 2*d - 1. Suppose 0 = 3*l - 4*b + 3 + 11, 3*b = -3*l. Calculate y(l).
3
Let r(c) = 3*c - 2 + 4 - 6*c**2 - 2*c - 1. Give r(-1).
-6
Let s(l) = -l**2 - 8*l - 3. Let w(k) = 5*k**3 - 2*k**2 + 1. Let p be w(-1). What is s(p)?
9
Let f(g) = -9*g**2 + 4. Let t(m) = 7*m**2 - 3. Let w(z) = -4*f(z) - 5*t(z). Calculate w(1).
0
Let h(n) = n - 3. Let s be (-6)/((-108)/42)*3. Determine h(s).
4
Let z(q) = -6*q**2 - 2 + 1 - 3*q**2 + 2. Calculate z(1).
-8
Suppose -2*o + 5*o = -5*f + 27, 2*f + 2 = 2*o. Let l(p) = -4 - 5*p - p**3 + 6*p**2 + o + 3. Let j be l(5). Let x(y) = -2*y + 3. Calculate x(j).
-3
Let z(a) = 2*a**2 - 19*a + 13. Let h be z(9). Let i(t) be the first derivative of t - t**2 - 1 + 1/4*t**h + 1/3*t**3. What is i(1)?
1
Let r(c) = 6*c - 1. Let z be r(1). Suppose -z*w = -4*w - 3. Let d(u) = 5*u + 5. Let y(f) = 2*f + 2. Let q(k) = w*d(k) - 7*y(k). Calculate q(-2).
-1
Suppose 3*s - 21 = -5*k, s + 2*s = 3*k - 27. Let r = 0 + -1. Let u(t) = t**2 - t - 1. Let i(b) = 7*b**2 - b - 12. Let g(q) = k*u(q) + r*i(q). Give g(-5).
6
Let f(j) = 2*j - 2*j**2 - 5 + 4 - j + 2*j. Give f(2).
-3
Let x(f) = f**3 - 4*f**2 + f - 1. Let b be x(4). Let h(k) = -2*k + 4. Let a be h(b). Let m(q) = -q**2 + q + 2. Give m(a).
-4
Let j(q) = q**2 - 2*q + 4. Let f be j(0). Let b be 2/(4/(0 + f)). Let n(g) = -2*g**3 + 2*g**2 - 2*g + 2. Give n(b).
-10
Let j(h) = 2*h. Let a be j(3). Let u(d) be the first derivative of d**3/3 - 9*d**2/2 + 5*d + 7. What is u(a)?
-13
Let j(v) = -1 - 1 + 3 + v. Let c = 8 + -8. Suppose -8 = -c*k - 2*k. Give j(k).
5
Let c = 11 + -14. Let j(n) = n**2 + 6*n - 2. Let h(f) = -f**2 - 5*f + 1. Let t(g) = -3*h(g) - 2*j(g). What is t(c)?
1
Let z(s) = -s**2 + s. Let f(k) = -7*k**2 + 6. Let x(v) = -f(v) + 6*z(v). Calculate x(-6).
-6
Let j(z) be the first derivative of -z**2/2 - 6*z - 2. Let m be j(-5). Let b(i) = -2*i**2 + i + 1. Give b(m).
-2
Let m(d) = -d**3 - 5*d**2 - 4 + 2*d + 2*d**3 - 1. Suppose 0 = 2*x - 3*u - 39, 4*x - 44 - 1 = -5*u. Let t be ((-20)/(-6))/(10/x). Calculate m(t).
5
Suppose 4*b - p - 10 = 2, 3*p = 2*b + 4. Let u(w) = 2*w - 5. Give u(b).
3
Let k(z) be the second derivative of 1/6*z**3 + 9/2*z**2 + 2*z + 0. What is k(-4)?
5
Suppose 5*l + 1 = 56. Let x = -4 + l. Suppose -5*h + x = -z, -h + 2*h - 3*z + 7 = 0. Let v(r) = -r**3 + 3*r**2 - 3*r + 1. Determine v(h).
-1
Let z(f) = f**2 + 4*f - 3. Suppose 3*o + 0*o - 30 = 0. Suppose -30 = 4*v - 0*g - 2*g, 2*v + 4*g - o = 0. Give z(v).
2
Let v = 7 - 5. Let c(o) = -v + o + 0 + 7. Determine c(-6).
-1
Let z(o) = -6*o**2 + o - 1. Let r(b) = -2*b + 9. Let f be r(-3). Suppose -y + f - 14 = 0. What is z(y)?
-6
Let d(m) = 12*m + 2 - 7*m - 5*m**2 - 5*m**3 - 4*m + 4*m**3. What is d(-5)?
-3
Let p(j) = -j + 2*j - 2*j - 25 + 16. Let l be p(-13). Let q(u) = u. Determine q(l).
4
Let t = 18 + -16. Let h(c) = -2*c**2 + 2*c**t - 1 + 2*c**2 + 0. Calculate h(-2).
7
Let a(u) be the third derivative of 0*u - 1/24*u**4 + 0 - 2*u**2 - 5/3*u**3. Let v = 8 + -13. Determine a(v).
-5
Let g = 5/8 + -3/8. Let t(s) be the first derivative of 0*s**2 + g*s**4 + 1/3*s**3 - s + 1. What is t(-1)?
-1
Let s(p) = p**2 + 10*p - 2. Let b be s(-10). Let w = -4 - b. Let d(f) = -f**3 + f**2 - f. Let x(h) = h**3 + 4*h - 4. Let n(z) = w*d(z) - x(z). Give n(3).
7
Let i = 63 + -68. Let b(j) = j**3 + 6*j**2 + 5*j - 7. Calculate b(i).
-7
Let s(y) = 2*y**2 - 3*y. Suppose 53 = 5*o + 8. Suppose -i + 3 = -b, -3*i + o = -2*b + 1. What is s(i)?
2
Let u(n) = 4*n**2 - 11*n + 9. Let w(q) = -2*q**2 + 6*q - 5. Let h(g) = 6*u(g) + 11*w(g). Determine h(2).
7
Let h(y) be the second derivative of y + 0 + 0*y**2 - y**3 + 1/12*y**4. Calculate h(6).
0
Let x(r) = r**3 - 8*r**2 - 1. Let l be 1025/123 - -1*(-1)/3. Calculate x(l).
-1
Let f(p) = p**2 - 2*p + 1. Suppose -2*j + l = -23, -j + 4*l - 8 = -3*j. Let k(n) = n**3 - 11*n**2 + 10*n - 2. Let h be k(j). Calculate f(h).
9
Let q(c) be the first derivative of -4/3*c**3 - 2*c - 2 - 1/4*c**4 - 3/2*c**2. Calculate q(-3).
-2
Let y(q) = q**2 - q - 2. Let w = -12 + 4. Let b = 12 + w. Give y(b).
10
Let f(k) = k**2 + 3*k. Let z be f(-3). Let y(b) = b + 1 + 7*b - 2*b + z. Let r = -3 + 2. Give y(r).
-5
Let a(y) = -3*y. Let m = 1 + -1. Let z = -1 + m. Determine a(z).
3
Let l(s) = 2*s**2 + 17*s + 14. Let w be l(-8). Let x(n) = -3*n + 1. What is x(w)?
-17
Let r = -148 - -148. Let x(q) = -q**3 - q**2 - q + 11. Give x(r).
11
Let c(m) = m**2 + 10*m + 12. Let u be c(-8). Let x(d) be the second derivative of -d**4/12 - 7*d**3/6 - 5*d**2/2 - 23*d. Give x(u).
7
Let r(n) = -7*n + 2. Let q be r(0). Let h(c) = c**3 - 4*c**2 + 3*c. Determine h(q).
-2
Let w = -6 - 2. Let p(f) = -f - 9. Determine p(w).
-1
Let h(n) = n**3 + 3*n**2. Let f = 9 - 11. Let r = f - 1. Give h(r).
0
Let z(k) = -6*k - 12 - k**2 + 1 + 2*k**2. Let q be (((-64)/10)/(-2))/(98/245). Determine z(q).
5
Let f(k) = 3*k**2 - 4*k - 5*k**2 - k - 3 + 3*k**2. Let b be f(6). Let a(x) = x**2 + 0 - 2 - 3*x - b*x. Determine a(5).
-7
Let n be (-140)/(-44) - (-8)/(-44). Let y(m) be the third derivative of m**2 - 1/3*m**3 + 0 + 1/24*m**4 + 0*m. Give y(n).
1
Suppose 0 = -5*o - 2*v + 12, 16 + 8 = o - 5*v. Let s = o - 2. Let z(l) = -1 + 10*l - 5*l - 4*l + 0. Determine z(s).
1
Let x(u) = u - 2. Let t be (((-9)/1)/(-3))/1. Suppose t*z - 14 - 4 = 0. What is x(z)?
4
Let j(c) be the second derivative of -c**7/2520 + c**6/360 + c**5/40 - c**4/12 + 3*c. Let g(b) be the third derivative of j(b). Give g(3).
0
Let j(k) = -k**2 - 6*k + 3. Let g be j(-7). Let v(f) = -5*f + 7. Let u(r) = 6*r - 8. Let d(w) = 6*u(w) + 7*v(w). What is d(g)?
-3
Let w be -4 + 6/(1/1). Let b(f) be the third derivative of 1/15*f**5 - 1/8*f**4 + f**w + 0*f + 0 - 1/120*f**6 + 1/6*f**3. What is b(2)?
3
Let l(w) = 7*w - w - 2 - 5*w. Let y be ((-9)/(-6))/(2/4). Suppose 3*t = -4*i - 3, 0 = 7*i - y*i - 2*t - 2. Calculate l(i).
-2
Suppose -24 = -2*i - 4*p, -7*p = -3*i - 11*p + 26. Let b(z) = -4*z + 1. Determine b(i).
-7
Suppose 5*k - 3*k - 13 = -o, -2*k = 2. Let x be 2/6 + (-5)/o. Let n(u) be the third derivative of -u**6/120 - 4*u**3/3 - 2*u**2. What is n(x)?
-8
Let v(b) = 3*b**3 + 6*b**2 + 4*b + 5. Let